{"id":226,"date":"2023-04-08T00:08:39","date_gmt":"2023-04-08T00:08:39","guid":{"rendered":"https:\/\/www.strosseggwirt.at\/?page_id=226"},"modified":"2023-05-18T18:56:04","modified_gmt":"2023-05-18T18:56:04","slug":"die-speisenkarte","status":"publish","type":"page","link":"https:\/\/www.strosseggwirt.at\/?page_id=226","title":{"rendered":"Die Speisenkarte."},"content":{"rendered":"\n\n\n<p class=\"has-text-align-justify\">Auf unserer Speisenkarte findest du neben den regionalen, traditionellen Gerichten wie der Dinkelfrittatensuppe oder dem Schweinsschnitzerl eine gro\u00dfe Auswahl an \u201cSteirischer Jause\u201d. Dein Hunger bestimmt die Gr\u00f6\u00dfe: Jedes Jausenbrot gibt es als viertel Meter oder als halben Meter zu bestellen.<\/p>\n\n\n\n<figure class=\"wp-block-image aligncenter size-full is-resized\" id=\"wp-block-themeisle-blocks-image-8fce2208\"><img loading=\"lazy\" decoding=\"async\" src=\"https:\/\/www.strosseggwirt.at\/wp-content\/uploads\/2023\/05\/Belegtes-Brot.png\" alt=\"Belegtes Brot\" class=\"wp-image-304\" width=\"600\" height=\"287\"\/><\/figure>\n\n\n\n<p class=\"has-text-align-center has-small-font-size\"><em><sup>ein Viertel Meter Belegtes Brot mit frischem Kren<\/sup><\/em><\/p>\n\n\n\n<hr class=\"wp-block-separator has-alpha-channel-opacity\"\/>\n\n\n\n<p class=\"has-text-align-justify\">Wir sind stolz, dir Speisen anzubieten, die vor allem mit regionalen Lebensmitteln zubereitet wurden. Wir beziehen unsere Zutaten u.a. von Bauern und Betrieben aus der Ost- und S\u00fcdoststeiermark sowie aus der eigenen Landwirtschaft und achten auf eine naturnahe und nachhaltige Erzeugung.<\/p>\n\n\n\n<div style=\"height:35px\" aria-hidden=\"true\" class=\"wp-block-spacer\"><\/div>\n\n\n\n<hr class=\"wp-block-separator has-alpha-channel-opacity\"\/>\n\n\n\n<div id=\"wp-block-themeisle-blocks-font-awesome-icons-4257bcd4\" class=\"wp-block-themeisle-blocks-font-awesome-icons\"><span class=\"wp-block-themeisle-blocks-font-awesome-icons-container\"><i class=\"fas fa-fire\"><\/i><\/span><\/div>\n\n\n\n<p class=\"center\" style=\"text-align: center;\">In der K\u00fcche wird an\u00a0Wochenenden und Feiertagen<br \/><strong>zwischen 11:00 Uhr und 14:00 Uhr<\/strong><br \/>sowie gegen Voranmeldung\u00a0gerne f\u00fcr dich warm aufgekocht.<\/p>\n<p style=\"text-align: center;\"><em><sup>Warme oder Kalte Jause gibt es den ganzen Tag.<\/sup><\/em><\/p>\n\n\n\n<hr class=\"wp-block-separator has-alpha-channel-opacity\"\/>\n\n\n\n<div style=\"height:35px\" aria-hidden=\"true\" class=\"wp-block-spacer\"><\/div>\n\n\n\n<p class=\"has-text-align-justify\">Ob f\u00fcr Feiern oder Busgesellschaften oder auch einfach, weil du mit ein paar Freunden eine gemeinsame Platte zu Hause essen m\u00f6chtest &#8211; wir werden gerne ein individuelles Men\u00fc f\u00fcr dich zusammenstellen und liefern in die Umgebung.<\/p>\n\n\n\n<figure class=\"wp-block-image aligncenter size-full is-resized\" id=\"wp-block-themeisle-blocks-image-f8fff3db\"><img loading=\"lazy\" decoding=\"async\" src=\"https:\/\/www.strosseggwirt.at\/wp-content\/uploads\/2023\/05\/Belegte-Platte.png\" alt=\"Belegte Platte f\u00fcr mehrere Personen\" class=\"wp-image-305\" width=\"600\" height=\"287\"\/><\/figure>\n\n\n\n<p class=\"has-text-align-center has-small-font-size\"><em><sup>gemischte Belegte Platte f\u00fcr mehrere Personen<\/sup><\/em><\/p>\n\n\n\n<hr class=\"wp-block-separator has-alpha-channel-opacity\"\/>\n\n\n\n<figure class=\"wp-block-image aligncenter size-full\"><a href=\"https:\/\/www.strosseggwirt.at\/wp-content\/uploads\/2023\/05\/Speisenkarte-Erstkommunion-1.pdf\"><img loading=\"lazy\" decoding=\"async\" width=\"277\" height=\"400\" src=\"https:\/\/www.strosseggwirt.at\/wp-content\/uploads\/2023\/05\/Speisenkarte-Erstkommunion-thumbnail.png\" alt=\"Thumbnail f\u00fcr Speisenkarte\" class=\"wp-image-310\" srcset=\"https:\/\/www.strosseggwirt.at\/wp-content\/uploads\/2023\/05\/Speisenkarte-Erstkommunion-thumbnail.png 277w, https:\/\/www.strosseggwirt.at\/wp-content\/uploads\/2023\/05\/Speisenkarte-Erstkommunion-thumbnail-208x300.png 208w\" sizes=\"auto, (max-width: 277px) 100vw, 277px\" \/><\/a><\/figure>\n\n\n\n<p class=\"has-text-align-center has-small-font-size\"><em><sup>Speisenkarte anl\u00e4sslich einer Erstkommunion<\/sup><\/em><\/p>\n\n\n\n<div style=\"height:31px\" aria-hidden=\"true\" class=\"wp-block-spacer\"><\/div>\n\n\n\n<p class=\"has-text-align-justify\"><strong>Pro-Tipp:<\/strong><br>Wenn du zu Fu\u00df unterwegs bist und nur kurze Zeit bei uns verweilen kannst, dann <a href=\"tel:+433171260\">ruf&#8216; doch schon w\u00e4hrend des Fu\u00dfmarschs bei uns an<\/a> und bestelle vor, damit dein Essen schon gerichtet ist, wenn du beim Stro\u00dfeggwirt ankommst!<\/p>\n","protected":false},"excerpt":{"rendered":"<p>Auf unserer Speisenkarte findest du neben den regionalen, traditionellen Gerichten wie der Dinkelfrittatensuppe oder dem Schweinsschnitzerl eine gro\u00dfe Auswahl an \u201cSteirischer Jause\u201d. Dein Hunger bestimmt die Gr\u00f6\u00dfe: Jedes Jausenbrot gibt es als viertel Meter oder als halben Meter zu bestellen. ein Viertel Meter Belegtes Brot mit frischem Kren Wir sind stolz, dir Speisen anzubieten, die [&hellip;]<\/p>\n","protected":false},"author":1,"featured_media":0,"parent":0,"menu_order":0,"comment_status":"closed","ping_status":"closed","template":"","meta":{"_themeisle_gutenberg_block_has_review":false,"footnotes":""},"class_list":["post-226","page","type-page","status-publish","hentry"],"jetpack_sharing_enabled":true,"_links":{"self":[{"href":"https:\/\/www.strosseggwirt.at\/index.php?rest_route=\/wp\/v2\/pages\/226","targetHints":{"allow":["GET"]}}],"collection":[{"href":"https:\/\/www.strosseggwirt.at\/index.php?rest_route=\/wp\/v2\/pages"}],"about":[{"href":"https:\/\/www.strosseggwirt.at\/index.php?rest_route=\/wp\/v2\/types\/page"}],"author":[{"embeddable":true,"href":"https:\/\/www.strosseggwirt.at\/index.php?rest_route=\/wp\/v2\/users\/1"}],"replies":[{"embeddable":true,"href":"https:\/\/www.strosseggwirt.at\/index.php?rest_route=%2Fwp%2Fv2%2Fcomments&post=226"}],"version-history":[{"count":5,"href":"https:\/\/www.strosseggwirt.at\/index.php?rest_route=\/wp\/v2\/pages\/226\/revisions"}],"predecessor-version":[{"id":312,"href":"https:\/\/www.strosseggwirt.at\/index.php?rest_route=\/wp\/v2\/pages\/226\/revisions\/312"}],"wp:attachment":[{"href":"https:\/\/www.strosseggwirt.at\/index.php?rest_route=%2Fwp%2Fv2%2Fmedia&parent=226"}],"curies":[{"name":"wp","href":"https:\/\/api.w.org\/{rel}","templated":true}]}}